actors of 233701?
13, 17977
What are the prime factors of 2647?
2647
What are the prime factors of 2653441?
7, 23, 16481
What are the prime factors of 3249226?
2, 61, 26633
List the prime factors of 1575684.
2, 3, 11, 23, 173
What are the prime factors of 1671759?
3, 20639
What are the prime factors of 4360509?
3, 73, 6637
What are the prime factors of 289738?
2, 317, 457
List the prime factors of 820835.
5, 181, 907
What are the prime factors of 57610?
2, 5, 7, 823
List the prime factors of 237481.
19, 29, 431
List the prime factors of 5369741.
13, 23, 17959
What are the prime factors of 379949?
97, 3917
List the prime factors of 2278589.
211, 10799
What are the prime factors of 1676832?
2, 3, 17467
List the prime factors of 11719104.
2, 3, 67, 911
List the prime factors of 78598.
2, 13, 3023
List the prime factors of 296955.
3, 5, 6599
List the prime factors of 514698.
2, 3, 109, 787
What are the prime factors of 1306920?
2, 3, 5, 10891
What are the prime factors of 2524095?
3, 5, 7, 2671
List the prime factors of 2151551.
109, 19739
What are the prime factors of 1721566?
2, 7, 11, 1597
List the prime factors of 4596456.
2, 3, 191519
What are the prime factors of 2180493?
3, 7, 83, 139
List the prime factors of 714256.
2, 44641
What are the prime factors of 1273537?
53, 24029
What are the prime factors of 7658692?
2, 1914673
List the prime factors of 5762159.
13, 443243
List the prime factors of 5341387.
5341387
List the prime factors of 16324698.
2, 3, 13, 47, 61, 73
List the prime factors of 216282.
2, 3, 11, 29, 113
What are the prime factors of 7712890?
2, 5, 771289
What are the prime factors of 251373?
3, 83791
What are the prime factors of 3614138?
2, 11, 164279
What are the prime factors of 820831?
11, 71, 1051
List the prime factors of 14720964.
2, 3, 43, 47, 607
List the prime factors of 570108.
2, 3, 7, 11, 617
List the prime factors of 143604.
2, 3, 3989
List the prime factors of 37363224.
2, 3, 23, 113, 599
What are the prime factors of 17719173?
3, 1968797
List the prime factors of 8232508.
2, 1373, 1499
List the prime factors of 5990407.
1277, 4691
What are the prime factors of 14129440?
2, 5, 13, 6793
List the prime factors of 2330477.
1039, 2243
List the prime factors of 189468.
2, 3, 19, 277
What are the prime factors of 11383063?
3079, 3697
List the prime factors of 2390907.
3, 796969
List the prime factors of 2255264.
2, 11, 43, 149
What are the prime factors of 1492412?
2, 19, 73, 269
List the prime factors of 16069.
16069
What are the prime factors of 241657?
13, 29, 641
What are the prime factors of 275485?
5, 7, 17, 463
What are the prime factors of 1235925?
3, 5, 1831
What are the prime factors of 36935?
5, 83, 89
What are the prime factors of 894747?
3, 7, 137, 311
What are the prime factors of 1009668?
2, 3, 11, 7649
What are the prime factors of 6931812?
2, 3, 29, 19919
List the prime factors of 174771.
3, 6473
List the prime factors of 10324868.
2, 83, 137, 227
List the prime factors of 1050490.
2, 5, 7, 43, 349
What are the prime factors of 24886212?
2, 3, 13, 67, 2381
List the prime factors of 200519.
11, 18229
List the prime factors of 1272424.
2, 53, 3001
What are the prime factors of 28352630?
2, 5, 157, 18059
List the prime factors of 1237390.
2, 5, 7, 11, 1607
List the prime factors of 15295729.
179, 85451
What are the prime factors of 4080214?
2, 2040107
What are the prime factors of 323147?
11, 29, 1013
List the prime factors of 1182981.
3, 394327
What are the prime factors of 74342?
2, 37171
What are the prime factors of 772449?
3, 37, 6959
What are the prime factors of 434593?
434593
List the prime factors of 466872.
2, 3, 7, 397
List the prime factors of 112311.
3, 12479
What are the prime factors of 2494874?
2, 59, 21143
What are the prime factors of 250386?
2, 3, 29, 1439
List the prime factors of 193154.
2, 13, 17, 19, 23
What are the prime factors of 279671?
7, 39953
What are the prime factors of 25236871?
11, 2294261
What are the prime factors of 5237112?
2, 3, 218213
List the prime factors of 137706.
2, 3, 59, 389
What are the prime factors of 26981455?
5, 29, 317, 587
What are the prime factors of 9171?
3, 1019
What are the prime factors of 20659394?
2, 7, 37, 39883
List the prime factors of 19981743.
3, 71, 93811
List the prime factors of 110949.
3, 31, 1193
List the prime factors of 720964.
2, 180241
List the prime factors of 3538019.
47, 75277
List the prime factors of 10578416.
2, 79, 8369
What are the prime factors of 384706?
2, 7, 27479
What are the prime factors of 562132?
2, 140533
List the prime factors of 2882302.
2, 1441151
List the prime factors of 1152065.
5, 19, 67, 181
List the prime factors of 22641132.
2, 3, 59, 113, 283
What are the prime factors of 3875587?
353, 10979
List the prime factors of 27707081.
223, 124247
What are the prime factors of 4430863?
17, 97, 2687
What are the prime factors of 4481?
4481
What are the prime factors of 123139?
19, 6481
List the prime factors of 8460383.
37, 107, 2137
What are the prime factors of 4918946?
2, 2459473
What are the prime factors of 2148295?
5, 429659
List the prime factors of 361932.
2, 3, 30161
What are the prime factors of 5201837?
5201837
What are the prime factors of 6471059?
7, 924437
What are the prime factors of 2733142?
2, 41, 33331
List the prime factors of 848899.
157, 5407
List the prime factors of 18473003.
18473003
What are the prime factors of 891997?
891997
List the prime factors of 677308.
2, 169327
What are the prime factors of 412600?
2, 5, 2063
What are the prime factors of 5135819?
13, 17, 1367
What are the prime factors of 6237392?
2, 7, 55691
List the prime factors of 19135.
5, 43, 89
What are the prime factors of 12314612?
2, 3078653
What are the prime factors of 787423?
7, 13, 17, 509
What are the prime factors of 144118?
2, 13, 23, 241
What are the prime factors of 3922009?
7, 13, 47, 131
What are the prime factors of 4372746?
2, 3, 7, 104113
List the prime factors of 2716448.
2, 7, 67, 181
What are the prime factors of 7362717?
3, 17, 31, 4657
What are the prime factors of 346060?
2, 5, 11, 13
What are the prime factors of 9084?
2, 3, 757
List the prime factors of 195910.
2, 5, 11, 13, 137
List the prime factors of 146788.
2, 36697
What are the prime factors of 3926508?
2, 3, 327209
List the prime factors of 11336867.
11336867
What are the prime factors of 973079?
557, 1747
List the prime factors of 342417.
3, 157, 727
List the prime factors of 2780813.
7, 397259
What are the prime factors of 2436174?
2, 3, 13, 29, 359
What are the prime factors of 366389?
31, 53, 223
What are the prime factors of 5850751?
5850751
List the prime factors of 22673679.
3, 7, 29, 31, 1201
List the prime factors of 26197643.
29, 903367
What are the prime factors of 7258700?
2, 5, 29, 2503
List the prime factors of 20571451.
367, 56053
What are the prime factors of 5137485?
3, 5, 17, 20147
What are the prime factors of 413343?
3, 7
What are the prime factors of 2601624?
2, 3, 108401
List the prime factors of 10348394.
2, 7, 739171
List the prime factors of 24770326.
2, 7, 17, 199, 523
List the prime factors of 10380052.
2, 41, 167, 379
What are the prime factors of 1276433?
1276433
List the prime factors of 24286525.
5, 113, 8597
What are the prime factors of 9695131?
53, 182927
What are the prime factors of 9090489?
3, 3030163
List the prime factors of 1084954.
2, 13, 41729
What are the prime factors of 594196?
2, 148549
List the prime factors of 1063802.
2, 531901
What are the prime factors of 6290000?
2, 5, 17, 37
What are the prime factors of 64094?
2, 73, 439
List the prime factors of 17249243.
11, 73, 21481
List the prime factors of 74250.
2, 3, 5, 11
List the prime factors of 4244158.
2, 2122079
List the prime factors of 41618715.
3, 5, 2774581
List the prime factors of 111634.
2, 55817
What are the prime factors of 17506603?
17506603
List the prime factors of 1913962.
2, 17, 41, 1373
List the prime factors of 12847593.
3, 11, 23, 16927
What are the prime factors of 4807192?
2, 13, 17, 2719
What are the prime factors of 6651058?
2, 1439, 2311
List the prime factors of 17022013.
353, 48221
What are the prime factors of 358673?
7, 51239
What are the prime factors of 190718?
2, 11, 8669
What are the prime factors of 1